{"id":179,"date":"2016-02-03T17:15:10","date_gmt":"2016-02-03T16:15:10","guid":{"rendered":"http:\/\/derroboterladen.de\/drl-wp\/?page_id=179"},"modified":"2018-06-15T10:22:37","modified_gmt":"2018-06-15T08:22:37","slug":"wischroboter-2","status":"publish","type":"page","link":"https:\/\/derroboterladen.de\/drl-wp\/index.php\/wischroboter-2\/","title":{"rendered":"Wischroboter"},"content":{"rendered":"<p>Der Wischroboter <strong>Braava<\/strong> wischt ihren Boden nass oder trocken und ist dabei \u00e4u\u00dferst leise.<\/p>\n<p><img loading=\"lazy\" decoding=\"async\" class=\" size-medium wp-image-296 alignleft\" src=\"http:\/\/derroboterladen.de\/drl-wp\/wp-content\/uploads\/2016\/02\/braava-300x239.png\" alt=\"Wischroboter Braava\" width=\"300\" height=\"239\" srcset=\"https:\/\/derroboterladen.de\/drl-wp\/wp-content\/uploads\/2016\/02\/braava-300x239.png 300w, https:\/\/derroboterladen.de\/drl-wp\/wp-content\/uploads\/2016\/02\/braava.png 401w\" sizes=\"auto, (max-width: 300px) 100vw, 300px\" \/><\/p>\n<p>&#8211; Wischt bis zu 93\u00a0m\u00b2 trocken und bis zu 33\u00a0m\u00b2 feucht<\/p>\n<p>&#8211; Verwendet trockene oder feuchte T\u00fccher f\u00fcr eine schnelle Oberfl\u00e4chenreinigung<\/p>\n<p>&#8211; UVP: 369,-\u20ac<\/p>\n<p>Jede beliebige Hartboden-Oberfl\u00e4che<br \/>\nwird mit Einweg- oder Mikrofaserreinigungst\u00fcchern trocken oder feucht gereinigt. Der neue Braava Bodenwischroboter wurde f\u00fcr die schnelle, effiziente Bodenreinigung entwickelt und deckt Ihren gesamten Boden systematisch mit einem einzigen Durchlauf ab. So einfach ist er zu bedienen: Sie befestigen ein Reinigungstuch, setzen Braava ab, dr\u00fccken den Einschaltknopf und los geht&#8217;s \u2013 mit modernster Robotik-Technologie, die ihm sagt, wo er schon war und wo er noch hin muss.<\/p>\n<p>&nbsp;<\/p>\n<p>&nbsp;<\/p>\n","protected":false},"excerpt":{"rendered":"<p>Der Wischroboter Braava wischt ihren Boden nass oder trocken und ist dabei \u00e4u\u00dferst leise. &#8211; Wischt bis zu 93\u00a0m\u00b2 trocken und bis zu 33\u00a0m\u00b2 feucht &#8211; Verwendet trockene oder feuchte T\u00fccher f\u00fcr eine schnelle Oberfl\u00e4chenreinigung &#8211; UVP: 369,-\u20ac Jede beliebige Hartboden-Oberfl\u00e4che wird mit Einweg- oder Mikrofaserreinigungst\u00fcchern trocken oder feucht gereinigt. Der neue Braava Bodenwischroboter wurde [&hellip;]<\/p>\n","protected":false},"author":1,"featured_media":0,"parent":0,"menu_order":0,"comment_status":"closed","ping_status":"closed","template":"","meta":{"footnotes":""},"class_list":["post-179","page","type-page","status-publish","hentry"],"yoast_head":"<!-- This site is optimized with the Yoast SEO plugin v27.6 - https:\/\/yoast.com\/product\/yoast-seo-wordpress\/ -->\n<title>Wischroboter - DerRoboterLaden<\/title>\n<meta name=\"description\" content=\"Wischroboter von iRobot helfen Ihnen im Haushalt beim Nass- oder Trockenwischen des Bodens, wie Fliesen oder andere nicht saugf\u00e4hige Bodenbel\u00e4ge.\" \/>\n<meta name=\"robots\" content=\"index, follow, max-snippet:-1, max-image-preview:large, max-video-preview:-1\" \/>\n<link rel=\"canonical\" href=\"https:\/\/derroboterladen.de\/drl-wp\/index.php\/wischroboter-2\/\" \/>\n<meta property=\"og:locale\" content=\"de_DE\" \/>\n<meta property=\"og:type\" content=\"article\" \/>\n<meta property=\"og:title\" content=\"Wischroboter - DerRoboterLaden\" \/>\n<meta property=\"og:description\" content=\"Wischroboter von iRobot helfen Ihnen im Haushalt beim Nass- oder Trockenwischen des Bodens, wie Fliesen oder andere nicht saugf\u00e4hige Bodenbel\u00e4ge.\" \/>\n<meta property=\"og:url\" content=\"https:\/\/derroboterladen.de\/drl-wp\/index.php\/wischroboter-2\/\" \/>\n<meta property=\"og:site_name\" content=\"DerRoboterLaden\" \/>\n<meta property=\"article:publisher\" content=\"http:\/\/www.facebook.com\/derroboterladen\" \/>\n<meta property=\"article:modified_time\" content=\"2018-06-15T08:22:37+00:00\" \/>\n<meta property=\"og:image\" content=\"http:\/\/derroboterladen.de\/drl-wp\/wp-content\/uploads\/2016\/02\/braava-300x239.png\" \/>\n<meta name=\"twitter:card\" content=\"summary_large_image\" \/>\n<meta name=\"twitter:label1\" content=\"Gesch\u00e4tzte Lesezeit\" \/>\n\t<meta name=\"twitter:data1\" content=\"1\u00a0Minute\" \/>\n<script type=\"application\/ld+json\" class=\"yoast-schema-graph\">{\"@context\":\"https:\\\/\\\/schema.org\",\"@graph\":[{\"@type\":\"WebPage\",\"@id\":\"https:\\\/\\\/derroboterladen.de\\\/drl-wp\\\/index.php\\\/wischroboter-2\\\/\",\"url\":\"https:\\\/\\\/derroboterladen.de\\\/drl-wp\\\/index.php\\\/wischroboter-2\\\/\",\"name\":\"Wischroboter - DerRoboterLaden\",\"isPartOf\":{\"@id\":\"https:\\\/\\\/derroboterladen.de\\\/drl-wp\\\/#website\"},\"primaryImageOfPage\":{\"@id\":\"https:\\\/\\\/derroboterladen.de\\\/drl-wp\\\/index.php\\\/wischroboter-2\\\/#primaryimage\"},\"image\":{\"@id\":\"https:\\\/\\\/derroboterladen.de\\\/drl-wp\\\/index.php\\\/wischroboter-2\\\/#primaryimage\"},\"thumbnailUrl\":\"http:\\\/\\\/derroboterladen.de\\\/drl-wp\\\/wp-content\\\/uploads\\\/2016\\\/02\\\/braava-300x239.png\",\"datePublished\":\"2016-02-03T16:15:10+00:00\",\"dateModified\":\"2018-06-15T08:22:37+00:00\",\"description\":\"Wischroboter von iRobot helfen Ihnen im Haushalt beim Nass- oder Trockenwischen des Bodens, wie Fliesen oder andere nicht saugf\u00e4hige Bodenbel\u00e4ge.\",\"breadcrumb\":{\"@id\":\"https:\\\/\\\/derroboterladen.de\\\/drl-wp\\\/index.php\\\/wischroboter-2\\\/#breadcrumb\"},\"inLanguage\":\"de\",\"potentialAction\":[{\"@type\":\"ReadAction\",\"target\":[\"https:\\\/\\\/derroboterladen.de\\\/drl-wp\\\/index.php\\\/wischroboter-2\\\/\"]}]},{\"@type\":\"ImageObject\",\"inLanguage\":\"de\",\"@id\":\"https:\\\/\\\/derroboterladen.de\\\/drl-wp\\\/index.php\\\/wischroboter-2\\\/#primaryimage\",\"url\":\"https:\\\/\\\/derroboterladen.de\\\/drl-wp\\\/wp-content\\\/uploads\\\/2016\\\/02\\\/braava.png\",\"contentUrl\":\"https:\\\/\\\/derroboterladen.de\\\/drl-wp\\\/wp-content\\\/uploads\\\/2016\\\/02\\\/braava.png\",\"width\":401,\"height\":319},{\"@type\":\"BreadcrumbList\",\"@id\":\"https:\\\/\\\/derroboterladen.de\\\/drl-wp\\\/index.php\\\/wischroboter-2\\\/#breadcrumb\",\"itemListElement\":[{\"@type\":\"ListItem\",\"position\":1,\"name\":\"Startseite\",\"item\":\"https:\\\/\\\/derroboterladen.de\\\/drl-wp\\\/\"},{\"@type\":\"ListItem\",\"position\":2,\"name\":\"Wischroboter\"}]},{\"@type\":\"WebSite\",\"@id\":\"https:\\\/\\\/derroboterladen.de\\\/drl-wp\\\/#website\",\"url\":\"https:\\\/\\\/derroboterladen.de\\\/drl-wp\\\/\",\"name\":\"DerRoboterLaden\",\"description\":\"\",\"potentialAction\":[{\"@type\":\"SearchAction\",\"target\":{\"@type\":\"EntryPoint\",\"urlTemplate\":\"https:\\\/\\\/derroboterladen.de\\\/drl-wp\\\/?s={search_term_string}\"},\"query-input\":{\"@type\":\"PropertyValueSpecification\",\"valueRequired\":true,\"valueName\":\"search_term_string\"}}],\"inLanguage\":\"de\"}]}<\/script>\n<!-- \/ Yoast SEO plugin. -->","yoast_head_json":{"title":"Wischroboter - DerRoboterLaden","description":"Wischroboter von iRobot helfen Ihnen im Haushalt beim Nass- oder Trockenwischen des Bodens, wie Fliesen oder andere nicht saugf\u00e4hige Bodenbel\u00e4ge.","robots":{"index":"index","follow":"follow","max-snippet":"max-snippet:-1","max-image-preview":"max-image-preview:large","max-video-preview":"max-video-preview:-1"},"canonical":"https:\/\/derroboterladen.de\/drl-wp\/index.php\/wischroboter-2\/","og_locale":"de_DE","og_type":"article","og_title":"Wischroboter - DerRoboterLaden","og_description":"Wischroboter von iRobot helfen Ihnen im Haushalt beim Nass- oder Trockenwischen des Bodens, wie Fliesen oder andere nicht saugf\u00e4hige Bodenbel\u00e4ge.","og_url":"https:\/\/derroboterladen.de\/drl-wp\/index.php\/wischroboter-2\/","og_site_name":"DerRoboterLaden","article_publisher":"http:\/\/www.facebook.com\/derroboterladen","article_modified_time":"2018-06-15T08:22:37+00:00","og_image":[{"url":"http:\/\/derroboterladen.de\/drl-wp\/wp-content\/uploads\/2016\/02\/braava-300x239.png","type":"","width":"","height":""}],"twitter_card":"summary_large_image","twitter_misc":{"Gesch\u00e4tzte Lesezeit":"1\u00a0Minute"},"schema":{"@context":"https:\/\/schema.org","@graph":[{"@type":"WebPage","@id":"https:\/\/derroboterladen.de\/drl-wp\/index.php\/wischroboter-2\/","url":"https:\/\/derroboterladen.de\/drl-wp\/index.php\/wischroboter-2\/","name":"Wischroboter - DerRoboterLaden","isPartOf":{"@id":"https:\/\/derroboterladen.de\/drl-wp\/#website"},"primaryImageOfPage":{"@id":"https:\/\/derroboterladen.de\/drl-wp\/index.php\/wischroboter-2\/#primaryimage"},"image":{"@id":"https:\/\/derroboterladen.de\/drl-wp\/index.php\/wischroboter-2\/#primaryimage"},"thumbnailUrl":"http:\/\/derroboterladen.de\/drl-wp\/wp-content\/uploads\/2016\/02\/braava-300x239.png","datePublished":"2016-02-03T16:15:10+00:00","dateModified":"2018-06-15T08:22:37+00:00","description":"Wischroboter von iRobot helfen Ihnen im Haushalt beim Nass- oder Trockenwischen des Bodens, wie Fliesen oder andere nicht saugf\u00e4hige Bodenbel\u00e4ge.","breadcrumb":{"@id":"https:\/\/derroboterladen.de\/drl-wp\/index.php\/wischroboter-2\/#breadcrumb"},"inLanguage":"de","potentialAction":[{"@type":"ReadAction","target":["https:\/\/derroboterladen.de\/drl-wp\/index.php\/wischroboter-2\/"]}]},{"@type":"ImageObject","inLanguage":"de","@id":"https:\/\/derroboterladen.de\/drl-wp\/index.php\/wischroboter-2\/#primaryimage","url":"https:\/\/derroboterladen.de\/drl-wp\/wp-content\/uploads\/2016\/02\/braava.png","contentUrl":"https:\/\/derroboterladen.de\/drl-wp\/wp-content\/uploads\/2016\/02\/braava.png","width":401,"height":319},{"@type":"BreadcrumbList","@id":"https:\/\/derroboterladen.de\/drl-wp\/index.php\/wischroboter-2\/#breadcrumb","itemListElement":[{"@type":"ListItem","position":1,"name":"Startseite","item":"https:\/\/derroboterladen.de\/drl-wp\/"},{"@type":"ListItem","position":2,"name":"Wischroboter"}]},{"@type":"WebSite","@id":"https:\/\/derroboterladen.de\/drl-wp\/#website","url":"https:\/\/derroboterladen.de\/drl-wp\/","name":"DerRoboterLaden","description":"","potentialAction":[{"@type":"SearchAction","target":{"@type":"EntryPoint","urlTemplate":"https:\/\/derroboterladen.de\/drl-wp\/?s={search_term_string}"},"query-input":{"@type":"PropertyValueSpecification","valueRequired":true,"valueName":"search_term_string"}}],"inLanguage":"de"}]}},"_links":{"self":[{"href":"https:\/\/derroboterladen.de\/drl-wp\/index.php\/wp-json\/wp\/v2\/pages\/179","targetHints":{"allow":["GET"]}}],"collection":[{"href":"https:\/\/derroboterladen.de\/drl-wp\/index.php\/wp-json\/wp\/v2\/pages"}],"about":[{"href":"https:\/\/derroboterladen.de\/drl-wp\/index.php\/wp-json\/wp\/v2\/types\/page"}],"author":[{"embeddable":true,"href":"https:\/\/derroboterladen.de\/drl-wp\/index.php\/wp-json\/wp\/v2\/users\/1"}],"replies":[{"embeddable":true,"href":"https:\/\/derroboterladen.de\/drl-wp\/index.php\/wp-json\/wp\/v2\/comments?post=179"}],"version-history":[{"count":10,"href":"https:\/\/derroboterladen.de\/drl-wp\/index.php\/wp-json\/wp\/v2\/pages\/179\/revisions"}],"predecessor-version":[{"id":832,"href":"https:\/\/derroboterladen.de\/drl-wp\/index.php\/wp-json\/wp\/v2\/pages\/179\/revisions\/832"}],"wp:attachment":[{"href":"https:\/\/derroboterladen.de\/drl-wp\/index.php\/wp-json\/wp\/v2\/media?parent=179"}],"curies":[{"name":"wp","href":"https:\/\/api.w.org\/{rel}","templated":true}]}}